. Calculate the greatest common divisor of g and z.
4
Suppose 5*u + 248 = -177. Let n = u + 166. What is the greatest common divisor of 18 and n?
9
Let f = 549 - 529. Calculate the greatest common divisor of f and 1180.
20
Suppose -2*v + 3*x = 2*x - 24, 0 = -2*v - 5*x. Suppose 30*q = v*q + 320. Calculate the highest common divisor of q and 192.
16
Let q = -5 - -36. What is the highest common divisor of 527 and q?
31
Let d be 20/(-50) + (-4)/(-10). Suppose d = 6*p - 8*p + 126. Calculate the greatest common divisor of 18 and p.
9
Suppose 2*p = 145 + 275. What is the highest common divisor of p and 910?
70
Let a(x) = -3*x + 15. Let c be a(6). Let u be (c/(-6))/(5/340). Let z = 6 - -11. Calculate the greatest common divisor of z and u.
17
Suppose 2 = -3*q - 3*w - 4, w - 10 = -5*q. Let p be (4 - q)*(3 + 0). Suppose 4*x - 8 = p*s - 5*s, 0 = -s. What is the highest common factor of x and 1?
1
Suppose -2*a - 2*i + 16 = 0, -4*a - 3*i + 26 = -2*i. Suppose 4*n = -3*u + 190, -2*n - 33 = 4*u - 293. Calculate the greatest common divisor of u and a.
6
Let s be (-1)/((-601)/(-602) - 1). Calculate the greatest common factor of s and 14.
14
Let c = -1246 - -3013. Calculate the highest common divisor of c and 57.
57
Let r be 4 - 4/6*3. Suppose r*t = -3*t + 70. Calculate the greatest common divisor of t and 126.
14
Let c(n) = n**3 + 12*n**2 - 6*n + 13. Let k(i) = -i**2 + i. Let z(j) = c(j) + 3*k(j). Let h be z(-5). What is the greatest common divisor of h and 16?
16
Suppose -20 = 4*j, 0 = -3*x + j + 84 + 101. Suppose -x = 3*w - 7*w. Calculate the highest common factor of w and 30.
15
Suppose 4*c + 22 = 2*i, -2*i - 3*c - 14 = 2*c. Suppose 0*l - l + 5 = q, 0 = i*l + 12. Calculate the greatest common divisor of q and 81.
9
Let f = 190 + -3. Let y(z) = -7*z**2 - 28*z - 12. Let p be y(-6). Let i = -79 - p. What is the highest common factor of f and i?
17
Let z be ((-2)/4 - 1/(-6))*-15. Suppose 0 = a - 5*d - 22, -z*d - 38 = -4*a + 20. Calculate the greatest common factor of 132 and a.
12
Suppose q - 5*k - 9 = -4*k, 0 = k - 2. Suppose p = 2*u - 6, 4*u - 16 = 4*p + 20. Let h be 0 + 1 + (-12 - p). What is the highest common factor of h and q?
1
Suppose 13 = -2*p + 3*x + 92, 5*x = -25. Suppose 5*h = 1640 + 120. What is the greatest common divisor of h and p?
32
Let y be (2 + 28/(-12))*-387. Suppose 8*i - y = -33. What is the greatest common factor of 36 and i?
12
Let y be 3/9*(-273)/28*-4. What is the highest common factor of y and 247?
13
Suppose -2*f - 3*k + 1327 = 0, 5*f + 0*k - 3300 = -4*k. Calculate the greatest common divisor of f and 16.
16
Suppose 4*f - 193 - 563 = 0. What is the greatest common divisor of 18 and f?
9
Let o = -37 - -41. Let b be 3 + (16 - o)/4. Calculate the highest common divisor of b and 1.
1
Let w(l) = -l**2 - 14*l - 11. Let j be w(-9). Let f = j - 19. Let v be f/((-5)/(10/(-3))). What is the highest common factor of v and 5?
5
Let y be (45/(-6))/(397/100 - 4). Calculate the greatest common divisor of y and 10.
10
Suppose 2*s = 13*c - 8*c - 46, -3*s + 56 = 5*c. Calculate the greatest common factor of c and 445.
5
Suppose 4*m = 9*m - 210. Suppose -3*x + 312 = 5*o, -6*o + 5*x + 68 = -5*o. Calculate the greatest common divisor of o and m.
21
Let i(q) = q**2 + 2*q + 9. Let z = 45 - 19. Suppose j + h = 4*j + z, 0 = 4*j + 4*h + 40. Let d be i(j). Calculate the highest common divisor of d and 18.
18
Let u = -5 - -7. Let k(z) = 14*z**2 + 2*z - 4. Let r be k(2). Suppose -r = -2*w - 3*s + 1, 2*w - u*s - 42 = 0. What is the greatest common factor of w and 3?
3
Let d(f) = f**3 - f**2 + f - 1. Let r be d(1). Suppose 0 = g - 3*w - 209, r = g - w + 5*w - 244. Calculate the highest common factor of 32 and g.
32
Let i(l) = -37*l**2 - l + 16. Let y be i(3). Let x be (y/(-24))/(4/6). Calculate the highest common divisor of 240 and x.
20
Let s = 52 - 57. Let f be -3*(-6)/(-45) + (-1367)/s. Calculate the highest common factor of 39 and f.
39
Suppose -5*i = 6 - 61. Let n(p) = -3*p + 9. Let u(l) = 4*l - 8. Let h(g) = 5*n(g) + 4*u(g). Let k be h(i). Calculate the greatest common divisor of 16 and k.
8
Suppose 478 - 513 = -7*r. Calculate the greatest common factor of 115 and r.
5
Let s = -14 - 26. Let c = s + 60. Let f = c + -8. What is the highest common divisor of 3 and f?
3
Let n(o) = -44*o**2 - 3*o + 1. Let c be n(2). Let y = -104 - c. Suppose 52*a = -9*a + 671. Calculate the highest common divisor of y and a.
11
Let j = -28 - -70. Let y(p) = -5*p + 3. Let b be y(2). Let l(f) = f**2 + 7*f + 6. Let i be l(b). Calculate the highest common divisor of j and i.
6
Let i(f) = f + 9*f**2 - 13 + 13*f - f**3 - 4*f. Let g be i(10). Let a = 23 + g. Calculate the highest common factor of 2 and a.
2
Suppose 0 = -3*n - 3*u + 183, 0 = -3*n + 4*n - 5*u - 37. Let o = n + -33. Let k = -1 + 7. Calculate the greatest common divisor of o and k.
6
Let u(t) = 9*t + 56. Suppose -8*f - 8*f = -128. Let z be u(f). Calculate the greatest common divisor of z and 16.
16
Suppose 0 = 5*z - 5*g - 3665, -2*z + 8*g - 3*g = -1457. What is the highest common factor of z and 96?
32
Let o = -359 - -506. Calculate the highest common factor of 245 and o.
49
Let t(k) = -2*k**3 - 3*k**2 - 5*k + 3*k**3 + 8*k + k + 7. Let f be t(6). Suppose -o = 4*w + w - f, 0 = o + 1. Calculate the highest common divisor of 7 and w.
7
Suppose -15*m - 42 = -9*m. Let p be 50 + 0 + -2 + 13 + m. Calculate the highest common factor of p and 378.
54
Suppose 0 = -2*d, 468 = 3*v - 8*d + 11*d. Calculate the greatest common divisor of v and 26.
26
Let d(n) = -n**3 + 8 + 13*n - 1 - 10*n**2 + 16. Let f be d(-11). Calculate the greatest common divisor of 3 and f.
1
Suppose -i = -5*i + 160. Suppose 28 = -13*x + 2. Let k(g) = -13*g**3 - g**2. Let b be k(x). Calculate the greatest common factor of b and i.
20
Let f be (-1800)/(-96) + (-2)/(-8). Calculate the greatest common divisor of f and 646.
19
Suppose 66*b - 1452 = 44*b. Calculate the highest common divisor of b and 198.
66
Suppose -2*y - 7*y = -675. Let i be (y - 1) + (-12)/(-6 + 2). Calculate the greatest common divisor of 14 and i.
7
Suppose -3*v = -7*k + 2*k - 39, -5 = -v - k. Let s(z) = z**3 - 4*z**2 + 2. Let t be s(4). Let h = t + v. What is the greatest common divisor of 20 and h?
10
Let l be 44515/25 + -4 + (-15)/25. What is the highest common divisor of l and 48?
48
Let v = 195 + -181. Let u(w) = 17*w + 22 - 27 - w**2 - 25. Let k be u(v). Calculate the greatest common factor of 36 and k.
12
Suppose n - 166 = -2*k, 2*k - 6*n = -2*n + 156. Let f = k - 65. What is the greatest common factor of f and 17?
17
Let h be 178 + (3 - 5) + 0. Calculate the greatest common factor of 11 and h.
11
Suppose -4*g - 63 = -7*g. Let n be 13/3 + 14/g. Suppose -n*b + 0*b = -20. Calculate the greatest common divisor of b and 44.
4
Let f = 2003 + -1851. Calculate the greatest common divisor of f and 494.
38
Suppose 155 = 73*f - 72*f. Let w = -66 - -97. What is the greatest common divisor of f and w?
31
Suppose 0 = 5*r - 2 + 7, r - 287 = -3*a. Suppose 5*o + 18 - 23 = 0. Let h = o + 11. Calculate the greatest common divisor of h and a.
12
Suppose 855 = 2*b + 7*b. What is the greatest common factor of b and 665?
95
Let x = -125 + 240. Suppose x = 6*b - b. Let g = b - -41. What is the highest common factor of 160 and g?
32
Suppose 8*z - 21*z + 650 = 0. What is the greatest common factor of 20 and z?
10
Let x be 5/(-20) - 37/(-4). Let m = 1 + x. Let a = 24 - 14. What is the highest common factor of m and a?
10
Let y = -206 + 225. What is the greatest common divisor of 7 and y?
1
Let f = 233 - 188. What is the greatest common divisor of f and 36?
9
Let k = 13 + 5. Let i = 20 - k. Suppose 67 = i*h + v, 4*h - v = -h + 185. Calculate the greatest common divisor of h and 9.
9
Suppose 3*j + 901 = 5*r + 4*j, 537 = 3*r - 3*j. Suppose -7*p + 16*p + 441 = 0. Let m = p - -69. What is the greatest common divisor of m and r?
20
Let x be (-195)/45*-9*(-94)/(-2). Calculate the highest common divisor of 39 and x.
39
Suppose 3334 = 3*z + 5*a, -5*a = -3*z + 713 + 2571. Suppose 5*k - 4*d - z = -3*d, -2*k - 3*d = -431. What is the highest common factor of k and 20?
20
Let q(j) = 4*j**2 + 2*j - 3. Let x be q(-2). Let r be 2 + -2 + 3/(-1) + 93. What is the highest common factor of x and r?
9
Let a(z) = -z**3 - 15*z**2 - 38*z